ppose h = 2*k - 5. Suppose -5*s = -4*m + 195, -3*m + 141 = -5*s + k*s. What are the prime factors of m?
3, 5
Let t be (-4)/(-4)*(4 - -2). Let d(o) = -38*o + t + 40*o - 1. List the prime factors of d(18).
41
Suppose 3*i - 1101 = 10*y - 7*y, -3*i + 5*y + 1099 = 0. List the prime factors of i.
2, 23
Let z(w) = -4*w + 42. Let n be z(10). Suppose 3*k - 9 = 3. Suppose k*v + 46 = 3*l - n*l, -3*l = -2*v - 108. What are the prime factors of l?
2, 17
Suppose -337 = -12*j + 479. What are the prime factors of j?
2, 17
Let v = -231 + 537. Suppose v = 3*r + c, -c - c = 2*r - 200. What are the prime factors of r?
103
List the prime factors of 182/5 - 18/45.
2, 3
Suppose 4*a = -2*a - 324. What are the prime factors of (-266)/(-10) - a/(-90)?
2, 13
Let k(j) = 3*j + 20. Suppose 3*h + 15 - 6 = 0. What are the prime factors of k(h)?
11
Suppose -14*j + 18*j - 24 = 0. Let h(l) = l**3 - l**2 - 2. What are the prime factors of h(j)?
2, 89
Let i be (-4)/6 + (-99)/(-27). Suppose -i*g - 74 = -s - 0*g, -4*s + 318 = -g. What are the prime factors of s?
2, 5
Let r(j) = 5*j**2 - 3*j**2 + 2*j - 8*j - 3. Let s(g) = 2*g**3 - 10*g**2 + 2*g - 6. Let h be s(5). List the prime factors of r(h).
5
What are the prime factors of 1/((-8)/(-1688)) - (-3 - 0)?
2, 107
Suppose -17*y = -38*y + 54894. List the prime factors of y.
2, 1307
Let j(p) = p**3 + 25*p**2 - 72*p + 28. What are the prime factors of j(-27)?
2, 257
List the prime factors of -3 + 4/(-1) + 4 - -698.
5, 139
Let b(w) = -5*w**3 + w**2 + 6*w + 15. List the prime factors of b(-6).
3, 5, 73
Suppose -38*v + 78 = -40*v. Let b = v - -71. What are the prime factors of b?
2
Suppose -8*b + 4954 = -4286. List the prime factors of b.
3, 5, 7, 11
Suppose 5*r + 2095 = 4*b, 1713 = 4*b - 2*r - 397. What are the prime factors of b?
2, 5, 53
Let l be (1*(-3)/(-6))/(1/732). Let p = l - 253. List the prime factors of p.
113
Let t(f) = -f**3 - 9*f**2 - 11*f - 11. Let k(r) = -r**3 + 10*r**2 - 10*r + 12. Let b be k(9). Suppose -2*j - b*j = 40. List the prime factors of t(j).
13
Suppose 0 = -3*h + 469 + 548. What are the prime factors of h?
3, 113
Suppose w = -2*w - 48. Let d = 30 + w. What are the prime factors of d?
2, 7
Let g(x) = 2*x - 6 - 3*x + 12*x - x**2. Suppose -f - 5*p = -4*p - 11, 0 = 5*f - 3*p - 47. List the prime factors of g(f).
2
Let w(p) = -13*p**2 + 4*p + 2. Let s be w(-1). What are the prime factors of 4 + 0 + -6*685/s?
2, 139
Suppose -5*a - 2*f + 28 + 112 = 0, 3*a - 103 = -5*f. Let v(p) = -8*p + 2. Let n be v(2). Let c = n + a. What are the prime factors of c?
2, 3
Let z(s) = -87*s**3 - s**2 + s + 2. Let q = 33 - 34. What are the prime factors of z(q)?
3, 29
Suppose 0 = 2*w + 4*d - 24, d = 5*w - 4 - 1. Suppose 3*y = -w*y - 105. Let n = 92 + y. What are the prime factors of n?
71
Suppose -4*u = -s + 34, -2*s + u - 2*u = -68. What are the prime factors of s?
2, 17
Suppose -3*l - 3*w + 1271 = -34, 2*w = 0. What are the prime factors of l?
3, 5, 29
Let v be 28/(-42) + 112/6. Suppose -5*f - v = 4*y, -y + 3*f - 2 = 3*y. List the prime factors of y + 32 + 1 - 2.
29
Let i(q) = -q**3 - 5*q**2 - 19*q + 4. Let s be i(-6). List the prime factors of s - -3 - (3 + -5).
3, 53
Let g be (-398)/(-8) - 14/(-56). Let v = g + -22. What are the prime factors of v?
2, 7
List the prime factors of (-105)/280 + (-1115)/(-8).
139
Suppose d - k + 3*k - 35 = 0, 3*d - 113 = 2*k. What are the prime factors of d?
37
Let u = 351 + 669. List the prime factors of u.
2, 3, 5, 17
Suppose -4 = 2*u - 8. Let d be ((6 - u) + -5)*0. Suppose 0 = 5*v - 5*n + 3*n - 144, -5*v - 2*n + 136 = d. List the prime factors of v.
2, 7
Suppose 5*b + 5*f - 5635 = 0, -8*b + 7*b + 1135 = 5*f. List the prime factors of b.
3, 5
Let b(x) be the third derivative of x**6/120 + x**5/10 - x**4/24 + x**3/6 + 445*x**2. Let m be (-88)/14 + 2/7. What are the prime factors of b(m)?
7
Let x = -93 - -98. Let a(z) = 5*z**2 + 9*z - 11. Let l(c) = 2*c**2 + 3*c - 4. Let o(k) = -4*a(k) + 11*l(k). List the prime factors of o(x).
5, 7
Let b be 8*9 + 0 + 2. Let f(t) = t**3 + 28*t**2 - 3*t - 33. Let m be f(-28). Let x = b - m. What are the prime factors of x?
23
Let v(g) = g**2 - g + 31. List the prime factors of v(-20).
11, 41
Let l(k) = 22*k + 75. What are the prime factors of l(13)?
19
Let p(r) = r**3 + 2*r**2 - 5*r. Suppose 4*l + 0*j + 5*j = 11, 19 = 5*l + j. List the prime factors of p(l).
2, 19
Suppose 1 - 51 = -5*h. List the prime factors of 17434/115 + 4/h.
2, 19
Let j = 39 + 23. Let a = j + -29. Suppose 4*b + a = 7*b. What are the prime factors of b?
11
Let a(k) be the first derivative of 19*k**4/2 - 3*k**2/2 + 2*k - 2. What are the prime factors of a(1)?
37
Let m = 6387 + -4425. List the prime factors of m.
2, 3, 109
Let l(w) = -w**3 - 12*w**2 + 26*w - 106. List the prime factors of l(-17).
3, 13, 23
Let g(o) = -116*o - 18. List the prime factors of g(-6).
2, 3, 113
Suppose 24*r - 23036 = 35524. What are the prime factors of r?
2, 5, 61
Suppose -3*j = -d - 26 - 4, 3*j - 36 = 3*d. List the prime factors of j + -9 - 268/(-1).
2, 67
Suppose 21*i = 9*i + 4596. List the prime factors of i.
383
Suppose -6*h = -606 - 120. What are the prime factors of h?
11
Suppose 205*r = 197*r + 8632. What are the prime factors of r?
13, 83
Suppose -2*y = 2*y. Suppose -p - 3*q + 14 + 13 = y, -q + 5 = 0. List the prime factors of p.
2, 3
Let h(t) = 5*t**2 - 6*t + 0 - 4 + 0*t - 6*t**2. Let a be h(-6). What are the prime factors of (-6)/a + 20/8?
2
Suppose 0 = 2*a - 10*h + 8*h - 622, 2*h + 1244 = 4*a. List the prime factors of a.
311
Suppose -2*i + 480 = 4*u, -u + 106 = -2*i + 6*i. List the prime factors of u.
2, 61
Let l(z) = 3 - 7*z + 8*z - 10*z. List the prime factors of l(-5).
2, 3
Let i(c) be the second derivative of c**4/2 + c**3/2 + c**2 - 3*c. What are the prime factors of i(-3)?
47
Suppose -9 = -3*h, 2*h + 6 = 5*d + 4*h. List the prime factors of (d + ((-76)/5)/4)*-5.
19
Suppose -3*r + 32 = -r. Suppose 0*b - 2*b = 3*j + 8, -j - 4*b = r. Suppose j*n + 3*n - 63 = 0. What are the prime factors of n?
3, 7
Let j(f) = -f**2 - 4*f + 5. Suppose 9 = -4*h - 11. Let m be j(h). Suppose m = -4*r + 3*r + 32. What are the prime factors of r?
2
Suppose 0 = -2*s + 213 + 3501. List the prime factors of s.
3, 619
Let w(n) be the first derivative of -3*n**2 - n - 4. Let t be w(3). Let s = t - -44. List the prime factors of s.
5
Let j = 75 + -77. List the prime factors of 32 - (5 - (3 + j)).
2, 7
Let n be (-4 - -3)/((-4)/8). Suppose -3*v + n*v = -63. What are the prime factors of v?
3, 7
Let t = -54 - -73. Suppose -t + 239 = 5*k. List the prime factors of k.
2, 11
Let i(v) = v**2 - 2*v. Let n be i(4). Suppose n = m - 20. Suppose 4*s = m + 4. What are the prime factors of s?
2
What are the prime factors of 23/(1940/(-650) + 3)?
5, 13, 23
Suppose -3*i - 186 = -6*i. Let a = i - 15. List the prime factors of a.
47
Suppose -4*i + 2*r + 16910 = 0, 6724 = 4*i + 3*r - 10171. List the prime factors of i.
2, 2113
Let n(x) = 7*x - 3*x + x + 41*x**3 - 2 - 2*x. Suppose 14 = 2*k + 6, 5*k = 4*p + 16. List the prime factors of n(p).
2, 3, 7
Let h = 30 - 22. Suppose -5*u = -h*u - 165. List the prime factors of (-1 + (-4 - -4))*u.
5, 11
Suppose -2*w + 2*n = 0, 3*n - 32 = -0*w - 5*w. Let g be 0/(-3) - w/2. What are the prime factors of 0/g - (-222)/6?
37
Suppose -2*p - 19 = -7. Let b(l) = 4*l**2 + 3*l - 12. Let h be b(p). Suppose -h = -3*j + 18. List the prime factors of j.
2, 11
What are the prime factors of (1/3)/(38/29412)?
2, 3, 43
Suppose -9*a = -2*a - 406. List the prime factors of a.
2, 29
Let i be 3/(-2)*236/6. Let u = i - -96. Suppose 5*q - u = 4*w, 5*w + 3 = q + 2*w. List the prime factors of q.
3
Suppose 3*j = 15, -4*j = c + j - 1486. What are the prime factors of c?
3, 487
Let z be 15/(3/(1*-75)). Let x = 527 + z. What are the prime factors of x?
2, 19
Suppose 0 = -17*m + 20*m - 9. Suppose -2*l - 2*l = -m*h - 54, -l + 5 = -5*h. Let p = 10 + l. What are the prime factors of p?
5
Let u = -29 - -28. Let s = -10 + u. Let w = 25 + s. What are the prime factors of w?
2, 7
Suppose 26*z = 32*z - 12. Suppose 61 = -z*j + 411. What are the prime factors of j?
5, 7
List the prime factors of (4/(-10))/(71/(-250985)).
2, 7, 101
Suppose -f - 9 = -4*t - 0*f, -28 = -3*t + 5*f. Let z = -77 - -94. What are the prime factors of (z/(-4))/(t/(-4))?
17
Suppose